{"id":92,"date":"2023-02-03T11:55:20","date_gmt":"2023-02-03T11:55:20","guid":{"rendered":"https:\/\/varaventure.com\/?page_id=92"},"modified":"2023-07-06T08:55:17","modified_gmt":"2023-07-06T08:55:17","slug":"siagne","status":"publish","type":"page","link":"https:\/\/varaventure.com\/?page_id=92","title":{"rendered":"Siagne"},"content":{"rendered":"\n<div class=\"wp-block-kadence-infobox kt-info-box_157a84-56\"><span class=\"kt-blocks-info-box-link-wrap info-box-link kt-blocks-info-box-media-align-left kt-info-halign-left\"><div class=\"kt-blocks-info-box-media-container\"><div class=\"kt-blocks-info-box-media kt-info-media-animate-none\"><div class=\"kadence-info-box-icon-container kt-info-icon-animate-none\"><div class=\"kadence-info-box-icon-inner-container\"><span data-name=\"fe_activity\" data-stroke=\"1\" data-class=\"kt-info-svg-icon\" class=\"kadence-dynamic-icon\"><\/span><\/div><\/div><\/div><\/div><div class=\"kt-infobox-textcontent\"><h2 class=\"kt-blocks-info-box-title\">Les gorges de la Siagne<\/h2><p class=\"kt-blocks-info-box-text\"><strong>La Siagne est aliment\u00e9e par deux cours d&#8217;eau se rejoignant au pied du canyon de la Pare. Ensuite la rivi\u00e8re s&#8217;\u00e9largit et se calme dans une nature luxuriante. Var Aventure propose une randonn\u00e9e aquatique d\u2019acc\u00e8s \u00e0 tous pour partir \u00e0 la d\u00e9couverte de ce milieu unique pr\u00e9serv\u00e9\u00a0!<\/strong><\/p><\/div><\/span><\/div>\n\n\n\n<div class=\"wp-block-kadence-infobox kt-info-box_3f365e-50\"><span class=\"kt-blocks-info-box-link-wrap info-box-link kt-blocks-info-box-media-align-left kt-info-halign-left\"><div class=\"kt-blocks-info-box-media-container\"><div class=\"kt-blocks-info-box-media kt-info-media-animate-none\"><div class=\"kadence-info-box-icon-container kt-info-icon-animate-none\"><div class=\"kadence-info-box-icon-inner-container\"><span data-name=\"fe_aperture\" data-stroke=\"1\" data-class=\"kt-info-svg-icon\" class=\"kadence-dynamic-icon\"><\/span><\/div><\/div><\/div><\/div><div class=\"kt-infobox-textcontent\"><h2 class=\"kt-blocks-info-box-title\">Siagne de la Pare<\/h2><p class=\"kt-blocks-info-box-text\">Sans doute le plus beau canyon du Var, ce parcours unique et sportif m\u00eale randonn\u00e9e et sauts dans une nature pr\u00e9serv\u00e9e et verdoyante. Son isolement font de ce canyon le parcours r\u00e9f\u00e9rence de Var Aventure en mati\u00e8re de d\u00e9paysement et de beaut\u00e9\u00a0!<br\/>\u00a0<\/p><\/div><\/span><\/div>\n\n\n\n<div class=\"wp-block-kadence-infobox kt-info-box_769e8a-57\"><span class=\"kt-blocks-info-box-link-wrap info-box-link kt-blocks-info-box-media-align-left kt-info-halign-left\"><div class=\"kt-blocks-info-box-media-container\"><div class=\"kt-blocks-info-box-media kt-info-media-animate-none\"><div class=\"kadence-info-box-icon-container kt-info-icon-animate-none\"><div class=\"kadence-info-box-icon-inner-container\"><span data-name=\"fe_alertCircle\" data-stroke=\"1\" data-class=\"kt-info-svg-icon\" class=\"kadence-dynamic-icon\"><\/span><\/div><\/div><\/div><\/div><div class=\"kt-infobox-textcontent\"><h2 class=\"kt-blocks-info-box-title\">Cascade de Clars<\/h2><p class=\"kt-blocks-info-box-text\">D&#8217;une hauteur de 45 m\u00e8tres, cette cascade aux formidables parois de calcaire perc\u00e9es par cet affluent de la Siagne permettront de vous aguerrir aux techniques de cordes et de vous confronter au vertigineux rappel en fil<\/p><\/div><\/span><\/div>\n\n\n\n<div class=\"wp-block-kadence-image kb-image_b483eb-12\"><figure class=\"aligncenter size-large\"><img loading=\"lazy\" decoding=\"async\" width=\"490\" height=\"1024\" src=\"https:\/\/varaventure.com\/wp-content\/uploads\/2023\/02\/couv-4-490x1024.jpg\" alt=\"\" class=\"kb-img wp-image-105\" srcset=\"https:\/\/varaventure.com\/wp-content\/uploads\/2023\/02\/couv-4-490x1024.jpg 490w, https:\/\/varaventure.com\/wp-content\/uploads\/2023\/02\/couv-4-144x300.jpg 144w, https:\/\/varaventure.com\/wp-content\/uploads\/2023\/02\/couv-4-768x1605.jpg 768w, https:\/\/varaventure.com\/wp-content\/uploads\/2023\/02\/couv-4-735x1536.jpg 735w, https:\/\/varaventure.com\/wp-content\/uploads\/2023\/02\/couv-4-980x2048.jpg 980w, https:\/\/varaventure.com\/wp-content\/uploads\/2023\/02\/couv-4-scaled.jpg 1225w\" sizes=\"(max-width: 490px) 100vw, 490px\" \/><\/figure><\/div>\n","protected":false},"excerpt":{"rendered":"","protected":false},"author":2,"featured_media":0,"parent":0,"menu_order":0,"comment_status":"closed","ping_status":"closed","template":"","meta":{"footnotes":""},"_links":{"self":[{"href":"https:\/\/varaventure.com\/index.php?rest_route=\/wp\/v2\/pages\/92"}],"collection":[{"href":"https:\/\/varaventure.com\/index.php?rest_route=\/wp\/v2\/pages"}],"about":[{"href":"https:\/\/varaventure.com\/index.php?rest_route=\/wp\/v2\/types\/page"}],"author":[{"embeddable":true,"href":"https:\/\/varaventure.com\/index.php?rest_route=\/wp\/v2\/users\/2"}],"replies":[{"embeddable":true,"href":"https:\/\/varaventure.com\/index.php?rest_route=%2Fwp%2Fv2%2Fcomments&post=92"}],"version-history":[{"count":14,"href":"https:\/\/varaventure.com\/index.php?rest_route=\/wp\/v2\/pages\/92\/revisions"}],"predecessor-version":[{"id":240,"href":"https:\/\/varaventure.com\/index.php?rest_route=\/wp\/v2\/pages\/92\/revisions\/240"}],"wp:attachment":[{"href":"https:\/\/varaventure.com\/index.php?rest_route=%2Fwp%2Fv2%2Fmedia&parent=92"}],"curies":[{"name":"wp","href":"https:\/\/api.w.org\/{rel}","templated":true}]}}